What is the hundreds digit of 1616043056?
0
What is the thousands digit of 94212034?
2
What is the billions digit of 1121649981?
1
What is the thousands digit of 6175650040?
0
What is the hundreds digit of 819233103?
1
What is the thousands digit of 81666626?
6
What is the ten millions digit of 955068977?
5
What is the tens digit of 487620505?
0
What is the ten thousands digit of 3785741427?
4
What is the units digit of 23535297?
7
What is the ten millions digit of 71416228?
7
What is the hundreds digit of 331998206?
2
What is the millions digit of 33355442?
3
What is the ten thousands digit of 34572500?
7
What is the hundreds digit of 473771035?
0
What is the hundred thousands digit of 505395111?
3
What is the hundred millions digit of 213421159?
2
What is the hundred thousands digit of 1115120662?
1
What is the tens digit of 2888803093?
9
What is the units digit of 86934115?
5
What is the millions digit of 163985820?
3
What is the hundreds digit of 237609189?
1
What is the ten thousands digit of 668461952?
6
What is the millions digit of 9884117?
9
What is the hundred thousands digit of 45281653?
2
What is the ten thousands digit of 1793503908?
0
What is the thousands digit of 99466294?
6
What is the millions digit of 2229274489?
9
What is the ten millions digit of 1012422051?
1
What is the hundred millions digit of 1778986184?
7
What is the thousands digit of 384430770?
0
What is the hundred thousands digit of 955497184?
4
What is the ten thousands digit of 711006919?
0
What is the ten millions digit of 4025286349?
2
What is the hundred millions digit of 916927743?
9
What is the hundred thousands digit of 2410631809?
6
What is the millions digit of 2093191?
2
What is the hundred millions digit of 474278831?
4
What is the millions digit of 8184030?
8
What is the ten millions digit of 480826983?
8
What is the ten thousands digit of 521168?
2
What is the hundred millions digit of 508297502?
5
What is the millions digit of 35015296?
5
What is the millions digit of 150340803?
0
What is the units digit of 11169367?
7
What is the hundreds digit of 110623948?
9
What is the units digit of 306154084?
4
What is the tens digit of 304948839?
3
What is the thousands digit of 1038931524?
1
What is the billions digit of 8466552765?
8
What is the hundreds digit of 1124069744?
7
What is the hundred thousands digit of 679019510?
0
What is the hundred thousands digit of 149625713?
6
What is the units digit of 2524635676?
6
What is the hundred thousands digit of 654616924?
6
What is the millions digit of 49848488?
9
What is the units digit of 82836658?
8
What is the tens digit of 211045459?
5
What is the ten thousands digit of 69439482?
3
What is the millions digit of 174239999?
4
What is the ten millions digit of 3105256198?
0
What is the hundreds digit of 239163786?
7
What is the units digit of 3821413055?
5
What is the hundreds digit of 507555222?
2
What is the hundred thousands digit of 3742033049?
0
What is the ten millions digit of 234112096?
3
What is the thousands digit of 578743034?
3
What is the ten thousands digit of 14805348?
0
What is the hundred millions digit of 640870992?
6
What is the ten millions digit of 3297808077?
9
What is the millions digit of 1450348081?
0
What is the thousands digit of 4153087042?
7
What is the units digit of 2866012?
2
What is the units digit of 173286779?
9
What is the ten millions digit of 48945370?
4
What is the thousands digit of 78457144?
7
What is the hundreds digit of 786258062?
0
What is the ten thousands digit of 32780405?
8
What is the units digit of 749903563?
3
What is the hundred millions digit of 5303876431?
3
What is the millions digit of 1334954424?
4
What is the tens digit of 49305116?
1
What is the millions digit of 193111682?
3
What is the hundred thousands digit of 215350499?
3
What is the hundred thousands digit of 65653717?
6
What is the hundreds digit of 233098503?
5
What is the ten millions digit of 166097217?
6
What is the ten millions digit of 792999759?
9
What is the tens digit of 43368466?
6
What is the thousands digit of 76903209?
3
What is the ten millions digit of 263861011?
6
What is the hundreds digit of 974756012?
0
What is the tens digit of 76781091?
9
What is the ten millions digit of 116299824?
1
What is the ten thousands digit of 128800709?
0
What is the hundred thousands digit of 2700931836?
9
What is the hundred thousands digit of 744889465?
8
What is the millions digit of 258838794?
8
What is the units digit of 1281110486?
6
What is the hundred millions digit of 744207798?
7
What is the ten millions digit of 78174563?
7
What is the ten millions digit of 2854074499?
5
What is the units digit of 145071123?
3
What is the thousands digit of 2034484701?
4
What is the thousands digit of 89377060?
7
What is the hundred thousands digit of 3944873110?
8
What is the hundreds digit of 1063360918?
9
What is the hundred thousands digit of 219690302?
6
What is the units digit of 30484573?
3
What is the hundreds digit of 5280559247?
2
What is the thousands digit of 1071754963?
4
What is the units digit of 5069374873?
3
What is the thousands digit of 135138482?
8
What is the tens digit of 204422711?
1
What is the hundred millions digit of 312279495?
3
What is the ten thousands digit of 1517394428?
9
What is the units digit of 88321394?
4
What is the hundred millions digit of 178137984?
1
What is the hundreds digit of 22879004?
0
What is the hundred millions digit of 115829383?
1
What is the units digit of 48966975?
5
What is the units digit of 852615294?
4
What is the hundreds digit of 115610488?
4
What is the tens digit of 1688338375?
7
What is the tens digit of 123354249?
4
What is the units digit of 1643499369?
9
What is the millions digit of 3884370997?
4
What is the ten thousands digit of 1029191427?
9
What is the ten thousands digit of 227815480?
1
What is the ten thousands digit of 1226297453?
9
What is the units digit of 101579081?
1
What is the thousands digit of 11383039?
3
What is the tens digit of 188017521?
2
What is the ten thousands digit of 892650050?
5
What is the hundreds digit of 546321591?
5
What is the hundred thousands digit of 454560612?
5
What is the ten millions digit of 398421708?
9
What is the hundreds digit of 73516924?
9
What is the hundreds digit of 21246481?
4
What is the hundreds digit of 403231821?
8
What is the millions digit of 387689831?
7
What is the ten millions digit of 41165359?
4
What is the hundred thousands digit of 145047789?
0
What is the millions digit of 864127966?
4
What is the tens digit of 203090356?
5
What is the hundred thousands digit of 6501399674?
3
What is the hundred thousands digit of 189933813?
9
What is the units digit of 468870668?
8
What is the tens digit of 32651806?
0
What is the thousands digit of 806904399?
4
What is the hundred thousands digit of 197718400?
7
What is the tens digit of 18298282?
8
What is the ten thousands digit of 325971215?
7
What is the hundred millions digit of 406270870?
4
What is the thousands digit of 56119451?
9
What is the thousands digit of 1101425775?
5
What is the ten millions digit of 821233070?
2
What is the ten thousands digit of 320434207?
3
What is the tens digit of 64041150?
5
What is the ten millions digit of 47976749?
4
What is the thousands digit of 7233000230?
0
What is the hundred millions digit of 121608789?
1
What is the units digit of 213648789?
9
What is the ten millions digit of 73727278?
7
What is the millions digit of 954470778?
4
What is the millions digit of 99590451?
9
What is the hundreds digit of 505948782?
7
What is the hundreds digit of 15709678?
6
What is the hundred thousands digit of 111323036?
3
What is the hundred millions digit of 537896655?
5
What is the hundred thousands digit of 68971028?
9
What is the thousands digit of 38520064?
0
What is the tens digit of 44284860?
6
What is the billions digit of 3141377517?
3
What is the thousands digit of 383925851?
5
What is the tens digit of 10761874?
7
What is the thousands digit of 5068638558?
8
What is the ten thousands digit of 521057723?
5
What is the tens digit of 163492233?
3
What is the ten thousands digit of 14740736?
4
What is the millions digit of 252357105?
2
What is the millions digit of 672712970?
2
What is t